 + 57 = 0, -2*r = -4*s + 64 - 186. Let d = -21 - s. What is the remainder when 16 is divided by d?
6
Suppose -5*d + d = 36. Let z be 20/6 + 3/d. Suppose 3*l = -3*o + 24, 4*o + o = z*l. Calculate the remainder when 6 is divided by o.
0
Let j(y) = -y**3 + 26*y - 8. Let h be j(6). Let i = 77 + h. Calculate the remainder when 43 is divided by i.
7
Let k = 27 - 25. Suppose 2*l - 162 = -3*n, 405 = k*l + 3*l - 5*n. What is the remainder when l is divided by 12?
9
Let s(p) = -p + 8. Let l be (-1)/((-6)/15)*2. Suppose 4 + l = -t. Calculate the remainder when 33 is divided by s(t).
16
Let p be (-8)/(-6) + (-7)/(84/(-8)). What is the remainder when 2/3 + (-92)/(-12)*p is divided by 2/(-3) - (-29)/3?
7
Let x(s) = s**3 + 2*s**2 - 3*s - 1. Suppose -o + 1 = 0, 3*t + 0 = -4*o - 5. Let n be x(t). Let h = n + 26. Calculate the remainder when 99 is divided by h.
24
Let m(z) = 7*z**2 + 13*z - 61. Let q(j) = 4*j**2 + 7*j - 31. Let w(v) = -3*m(v) + 5*q(v). What is the remainder when 25 is divided by w(-7)?
4
Let c(b) = 47*b**2 - 2*b + 1. Let d(q) = q**2 - 1. Let m = 122 + -127. What is the remainder when c(1) is divided by d(m)?
22
Suppose -13*v + 267 = -8*v + 2*j, -5*v = 3*j - 263. Calculate the remainder when 1041 is divided by v.
51
Suppose 0 = -5*a + 244 + 671. Suppose 2*n = -0*n + c + 93, -a = -4*n + c. Calculate the remainder when 44 is divided by (-2)/(((-42)/n)/7).
14
Suppose 0*f + 38 = 2*f. Let d = -11 + f. Calculate the remainder when 21 is divided by d.
5
Let q = 45 + -39. Let b(y) = -y**2 + 9*y - 14. What is the remainder when 9 is divided by b(q)?
1
Suppose -4 = -z, 2*z = 70*i - 69*i - 28. What is the remainder when 86 is divided by i?
14
Calculate the remainder when (-1785)/(-18) - 19/114 is divided by 17.
14
Suppose -4*w - 290 = -0*y - 5*y, -5*y = 4*w - 250. Suppose 21*m - 24*m + y = 0. What is the remainder when 33 is divided by m?
15
Let u(b) = 5*b**2 - b - 3. Let v = 302 + -147. Suppose 59 - v = -6*x. Calculate the remainder when u(-3) is divided by x.
13
Let x(b) = 6*b**2 + 45*b - 138. Suppose -v + 12 = -6. What is the remainder when x(3) is divided by v?
15
Let d = -30 - -43. Calculate the remainder when d is divided by (2 + (-7 - -6))*(1 + 4).
3
Suppose 5*b - c - 140 - 139 = 0, 5 = 5*c. Let r = -79 - -136. Suppose 3*n - r = -0*n. What is the remainder when b is divided by n?
18
Suppose 5*q - 99 = -4*z - 35, 4*q + 32 = 2*z. What is the remainder when 17 is divided by 3 - 1 - (-4)/(z/36)?
6
What is the remainder when 137 is divided by 400/8*(-3)/30*-4?
17
Let c be (1 + -2)*1/1. What is the remainder when ((-242)/4 + c)*(-4)/6 is divided by 14?
13
What is the remainder when 168 is divided by (4/6)/(1990/330 - 6)?
14
Let f be (6/(-9))/((-1)/24). Let b = f + 43. What is the remainder when b is divided by 21?
17
Let l be (1 - 2)/(7/(-77)). Let a = l - -1. What is the remainder when 156/7 + 2/(-7) is divided by a?
10
Let t(a) be the first derivative of -9*a**2/2 - 6*a + 48. What is the remainder when t(-6) is divided by 13?
9
Let a(t) be the first derivative of t**4/4 - 5*t**3/3 - 7*t**2/2 + 8*t + 5. Calculate the remainder when a(6) is divided by 1.
0
Suppose 17*x - 1898 - 1723 = 0. Suppose -2*s = -46 - 62. What is the remainder when x is divided by s?
51
Suppose -4*d + 3 = 3*y + 5, -4*y + d = -10. What is the remainder when 4*y*9/1 is divided by 37?
35
Let g = 468 - 1449. What is the remainder when (g/(-6) - (-3)/(-2)) + 1 is divided by 55?
53
Let t = 2 + 1. Suppose -t*c + 56 = -16. Suppose 2*r + c = 3*i - 46, 3*i - 3*r = 72. Calculate the remainder when i is divided by 12.
10
Let t(d) = 0*d - 5*d + 12 - 2*d. Let w(l) = -l. Let m(b) = t(b) - 6*w(b). Calculate the remainder when 93 is divided by m(-12).
21
Let p = 19 - 25. Let u(q) = -2*q - 6. Calculate the remainder when 40 is divided by u(p).
4
Let w(u) = -u**3 - u + 9. Suppose -5*a = s - 40, -5*a + 24 = 5*s - 96. Calculate the remainder when w(-4) is divided by s.
17
Suppose 4*m - 46 = 62. Suppose -3*s + 5*s - y - 210 = 0, -3*s - 5*y + 328 = 0. What is the remainder when s is divided by m?
25
Suppose -6 = -p + 4*p, 4*k - p = 26. Calculate the remainder when 10 is divided by -16 + 13 + 0 + 1 + k.
2
Let b be 6/(-15) + 1852/5. Suppose -4*m - 4*r + r = -70, 4*r + 8 = m. Calculate the remainder when 2/(-8) + b/8 is divided by m.
14
Let v be 4/8*94 - 3. Let c be (v/(-6))/((-8)/12). Suppose -a + c = 5. What is the remainder when 16 is divided by a?
4
Let y(j) = 12*j + 620. Calculate the remainder when 208 is divided by y(-47).
40
Let q = 15 + 2. Suppose 3*g - 44 = 4*h - g, -3*h = 5*g + q. Let k = h + 13. What is the remainder when 7 is divided by k?
3
Let x(s) = s**2 - 2*s. Let z(f) = 10*f + 10. Let t be z(-4). Calculate the remainder when x(-3) is divided by (1 - 10)*(1 - t/(-18)).
3
Suppose 11*v + 196 = 18*v. Suppose 0 = -2*a + a + 8. What is the remainder when v is divided by a?
4
Let j(n) = n + 45. Calculate the remainder when 98 is divided by j(-34).
10
Suppose 0 = 3*o + 9, 5*l + o = -2*o + 76. Calculate the remainder when 320 is divided by l.
14
Let p(a) = -2*a**3 - 2*a + 6*a - 12 - 5*a - 32*a**2 - 10*a**2. What is the remainder when p(-21) is divided by 6?
3
Let r(v) = -57*v**3 + 4*v + 6*v - 9*v. Let k be r(-1). Suppose -4*n + 24 = -k. What is the remainder when n is divided by 7?
6
Let f be (26 + -74)*16/6. Let k = f - -146. Let n = 21 + -11. What is the remainder when k is divided by n?
8
Suppose 0 = -12*j + 146 + 202. Calculate the remainder when 277 is divided by j.
16
Suppose -3*c + 2104 = 2*w + 271, -4*w + 3681 = c. What is the remainder when w is divided by 14?
11
Let w(i) = -5*i - 106. Let m be w(-21). Let z(f) = -3 + 4 - 3 - 22*f. Calculate the remainder when z(m) is divided by 11.
9
Let l(z) = 3*z - 6. Calculate the remainder when -4 + (14/(-49) - (-736)/28) is divided by l(4).
4
Suppose 3*r = 4*r - 2. Suppose -67 = r*g - 9. Let k = g + 45. Calculate the remainder when 62 is divided by k.
14
Let x(h) = h**2 - 10*h + 39. Let i = -51 + 95. What is the remainder when i is divided by x(6)?
14
Let s(r) be the third derivative of r**5/15 + r**4/24 + 13*r**3/6 - 16*r**2. Calculate the remainder when s(6) is divided by 15.
13
Calculate the remainder when -2 + 16/4 + 49 is divided by (15/(-4))/((-45)/216).
15
Let c(i) = i**3 - 10*i**2 + 10*i - 3. Let t(p) = p**2 - p - 1. Let n(m) = c(m) + 4*t(m). Let x = 83 - 67. What is the remainder when n(6) is divided by x?
13
Let x = -207 + 114. Let i = 171 + x. What is the remainder when i is divided by 40?
38
Let w(j) = 2*j**2 + 18*j + 4. What is the remainder when w(-13) is divided by 38?
32
Let z(i) be the first derivative of i**2/2 - 4*i + 4. Let k be z(1). Calculate the remainder when k/(-4) - (-75)/12 is divided by 6.
1
Suppose 4*v = 2*j - 146, v + 184 + 136 = 5*j. Suppose -i - 161 = -5*x, 0 = -4*x + i + 6 + 122. Calculate the remainder when j is divided by x.
30
Let j = 50 + -37. Let m = 56 + -89. Let g = 84 + m. What is the remainder when g is divided by j?
12
Let r(l) = -l**3 + 10*l**2 + 8*l - 10. Let h be r(9). Suppose 3*t - 5*c = h, t + 180 = 5*t + 4*c. What is the remainder when t is divided by 16?
14
Let w(f) = -f**3 - 7*f**2 + f + 25. Calculate the remainder when w(-8) is divided by 28.
25
Suppose -5*n + 3*n + 90 = 0. Let v = -20 + 44. Calculate the remainder when n is divided by v.
21
Let t = -5 + 13. Calculate the remainder when 132/9 + ((-32)/(-12))/t is divided by 2.
1
Calculate the remainder when (1*37)/(165/10 + -16) is divided by 19.
17
Suppose -2*o + 5*y - 330 = -7*o, -3*o = -y - 202. Calculate the remainder when o is divided by 25.
17
Let i(q) = -q**3 - 20*q**2 - 20*q - 11. Let a be i(-19). Suppose -a*k = -13*k + 45. Calculate the remainder when 33 is divided by k.
6
Let n = -172 - -199. What is the remainder when 37 is divided by n?
10
Suppose w = 3*o + 171, -163*w - 3*o = -168*w + 915. Calculate the remainder when w is divided by 49.
39
Suppose -7*v = -2*v + 5. Let c(h) = -55*h + 2. Calculate the remainder when c(v) is divided by 16.
9
Let v(k) = k**2 + 10*k - 1. Let c be v(-6). Calculate the remainder when (-139)/(-5) + (-5)/c is divided by 6.
4
Let c = 545 - 339. Calculate the remainder when c is divided by 13.
11
Suppose 298 = 3*g - 5*m, 5*g = 41*m - 37*m + 501. What is the remainder when g is divided by 23?
9
Suppose 3*z - 